{"id":913,"date":"2025-03-04T12:21:06","date_gmt":"2025-03-04T12:21:06","guid":{"rendered":"https:\/\/bosquepicua.pt\/?page_id=913"},"modified":"2025-03-17T15:54:21","modified_gmt":"2025-03-17T15:54:21","slug":"apartamentos","status":"publish","type":"page","link":"https:\/\/bosquepicua.pt\/index.php\/apartamentos\/","title":{"rendered":"Apartamentos"},"content":{"rendered":"\t\t<div data-elementor-type=\"wp-page\" data-elementor-id=\"913\" class=\"elementor elementor-913\" data-elementor-post-type=\"page\">\n\t\t\t\t<div class=\"elementor-element elementor-element-21f6d63 e-con-full e-flex elementor-invisible e-con e-parent\" data-id=\"21f6d63\" data-element_type=\"container\" data-settings=\"{&quot;background_background&quot;:&quot;classic&quot;,&quot;animation&quot;:&quot;fadeIn&quot;}\">\n\t\t<div class=\"elementor-element elementor-element-3e31fff e-flex e-con-boxed e-con e-child\" data-id=\"3e31fff\" data-element_type=\"container\">\n\t\t\t\t\t<div class=\"e-con-inner\">\n\t\t\t\t<div class=\"elementor-element elementor-element-d8ef354 elementor-invisible elementor-widget elementor-widget-heading\" data-id=\"d8ef354\" data-element_type=\"widget\" data-settings=\"{&quot;_animation&quot;:&quot;fadeInUp&quot;,&quot;_animation_delay&quot;:100}\" data-widget_type=\"heading.default\">\n\t\t\t\t<div class=\"elementor-widget-container\">\n\t\t\t<h1 class=\"elementor-heading-title elementor-size-default\">Apartamentos<\/h1>\t\t<\/div>\n\t\t\t\t<\/div>\n\t\t\t\t\t<\/div>\n\t\t\t\t<\/div>\n\t\t\t\t<div class=\"elementor-element elementor-element-ad4c43f elementor-absolute up-down elementor-view-default elementor-widget elementor-widget-icon\" data-id=\"ad4c43f\" data-element_type=\"widget\" data-settings=\"{&quot;_position&quot;:&quot;absolute&quot;}\" data-widget_type=\"icon.default\">\n\t\t\t\t<div class=\"elementor-widget-container\">\n\t\t\t\t\t<div class=\"elementor-icon-wrapper\">\n\t\t\t<div class=\"elementor-icon\">\n\t\t\t<svg xmlns=\"http:\/\/www.w3.org\/2000\/svg\" id=\"b\" width=\"17.99mm\" height=\"17.99mm\" viewBox=\"0 0 51 51\"><path d=\"M25.5,41.82c-.26,0-.52-.09-.73-.28L2.07,21.43c-.46-.4-.5-1.1-.09-1.55.4-.46,1.1-.5,1.55-.09l21.97,19.47,21.97-19.47c.45-.4,1.15-.36,1.55.09.4.45.36,1.15-.09,1.55l-22.7,20.12c-.21.18-.47.28-.73.28Z\" fill=\"#fff\"><\/path><\/svg>\t\t\t<\/div>\n\t\t<\/div>\n\t\t\t\t<\/div>\n\t\t\t\t<\/div>\n\t\t\t\t<\/div>\n\t\t<div class=\"elementor-element elementor-element-3300800 e-con-full e-flex e-con e-parent\" data-id=\"3300800\" data-element_type=\"container\" data-settings=\"{&quot;animation&quot;:&quot;none&quot;}\">\n\t\t<div class=\"elementor-element elementor-element-be25968 e-con-full e-flex elementor-invisible e-con e-child\" data-id=\"be25968\" data-element_type=\"container\" data-settings=\"{&quot;animation&quot;:&quot;fadeIn&quot;}\">\n\t\t\t\t<div class=\"elementor-element elementor-element-0910378 elementor-widget elementor-widget-image\" data-id=\"0910378\" data-element_type=\"widget\" data-widget_type=\"image.default\">\n\t\t\t\t<div class=\"elementor-widget-container\">\n\t\t\t\t\t\t\t\t\t\t\t\t\t<img fetchpriority=\"high\" decoding=\"async\" width=\"800\" height=\"939\" src=\"https:\/\/bosquepicua.pt\/wp-content\/uploads\/2025\/03\/apartments_1-872x1024.jpg\" class=\"attachment-large size-large wp-image-916\" alt=\"\" srcset=\"https:\/\/bosquepicua.pt\/wp-content\/uploads\/2025\/03\/apartments_1-872x1024.jpg 872w, https:\/\/bosquepicua.pt\/wp-content\/uploads\/2025\/03\/apartments_1-255x300.jpg 255w, https:\/\/bosquepicua.pt\/wp-content\/uploads\/2025\/03\/apartments_1-768x902.jpg 768w, https:\/\/bosquepicua.pt\/wp-content\/uploads\/2025\/03\/apartments_1.jpg 1167w\" sizes=\"(max-width: 800px) 100vw, 800px\" \/>\t\t\t\t\t\t\t\t\t\t\t\t\t<\/div>\n\t\t\t\t<\/div>\n\t\t\t\t<\/div>\n\t\t<div class=\"elementor-element elementor-element-e01640d e-con-full e-flex elementor-invisible e-con e-child\" data-id=\"e01640d\" data-element_type=\"container\" data-settings=\"{&quot;animation&quot;:&quot;fadeInUp&quot;}\">\n\t\t\t\t<div class=\"elementor-element elementor-element-6783fb9 elementor-widget elementor-widget-text-editor\" data-id=\"6783fb9\" data-element_type=\"widget\" data-widget_type=\"text-editor.default\">\n\t\t\t\t<div class=\"elementor-widget-container\">\n\t\t\t\t\t\t\t<p>\u201cO Bosque \u00e9 mais do que um projeto habitacional: \u00e9 uma vis\u00e3o arquitet\u00f3nica que harmoniza o ambiente constru\u00eddo em sintonia com a natureza. Com 1,5 hectares dedicados a espa\u00e7os verdes, o empreendimento privilegia a integra\u00e7\u00e3o paisag\u00edstica e a sustentabilidade.<\/p><p>As habita\u00e7\u00f5es foram desenhadas para maximizar a rela\u00e7\u00e3o com o exterior, com amplos terra\u00e7os e v\u00e3os envidra\u00e7ados que trazem luz natural e vistas deslumbrantes.\u201d<\/p>\t\t\t\t\t\t<\/div>\n\t\t\t\t<\/div>\n\t\t<div class=\"elementor-element elementor-element-abf5b8c e-con-full e-flex e-con e-child\" data-id=\"abf5b8c\" data-element_type=\"container\">\n\t\t\t\t<div class=\"elementor-element elementor-element-22ab72a elementor-widget elementor-widget-heading\" data-id=\"22ab72a\" data-element_type=\"widget\" data-widget_type=\"heading.default\">\n\t\t\t\t<div class=\"elementor-widget-container\">\n\t\t\t<span class=\"elementor-heading-title elementor-size-default\">V\u00edtor Tinoco<br>\nHMVN - Arquitetos Associados<\/span>\t\t<\/div>\n\t\t\t\t<\/div>\n\t\t\t\t<\/div>\n\t\t\t\t<\/div>\n\t\t\t\t<\/div>\n\t\t<div class=\"elementor-element elementor-element-8243372 e-con-full e-flex elementor-invisible e-con e-parent\" data-id=\"8243372\" data-element_type=\"container\" data-settings=\"{&quot;animation&quot;:&quot;fadeIn&quot;}\">\n\t\t\t\t<div class=\"elementor-element elementor-element-8a0e509 elementor--h-position-center elementor--v-position-middle elementor-pagination-position-inside elementor-widget elementor-widget-slides\" data-id=\"8a0e509\" data-element_type=\"widget\" data-settings=\"{&quot;navigation&quot;:&quot;dots&quot;,&quot;autoplay&quot;:&quot;yes&quot;,&quot;pause_on_hover&quot;:&quot;yes&quot;,&quot;pause_on_interaction&quot;:&quot;yes&quot;,&quot;autoplay_speed&quot;:5000,&quot;infinite&quot;:&quot;yes&quot;,&quot;transition&quot;:&quot;slide&quot;,&quot;transition_speed&quot;:500}\" data-widget_type=\"slides.default\">\n\t\t\t\t<div class=\"elementor-widget-container\">\n\t\t\t\t\t<div class=\"elementor-swiper\">\n\t\t\t<div class=\"elementor-slides-wrapper elementor-main-swiper swiper\" dir=\"ltr\" data-animation=\"fadeInUp\">\n\t\t\t\t<div class=\"swiper-wrapper elementor-slides\">\n\t\t\t\t\t\t\t\t\t\t<div class=\"elementor-repeater-item-728a7d5 swiper-slide\"><div class=\"swiper-slide-bg\" role=\"img\"><\/div><div class=\"swiper-slide-inner\" ><div class=\"swiper-slide-contents\"><\/div><\/div><\/div><div class=\"elementor-repeater-item-6b58423 swiper-slide\"><div class=\"swiper-slide-bg\" role=\"img\"><\/div><div class=\"swiper-slide-inner\" ><div class=\"swiper-slide-contents\"><\/div><\/div><\/div><div class=\"elementor-repeater-item-a59780c swiper-slide\"><div class=\"swiper-slide-bg\" role=\"img\"><\/div><div class=\"swiper-slide-inner\" ><div class=\"swiper-slide-contents\"><\/div><\/div><\/div>\t\t\t\t<\/div>\n\t\t\t\t\t\t\t\t\t\t\t\t\t\t\t<div class=\"swiper-pagination\"><\/div>\n\t\t\t\t\t\t\t\t\t\t\t\t\t\t\t\t\t<\/div>\n\t\t<\/div>\n\t\t\t\t<\/div>\n\t\t\t\t<\/div>\n\t\t\t\t<\/div>\n\t\t<div class=\"elementor-element elementor-element-d19b45e e-con-full e-flex elementor-invisible e-con e-parent\" data-id=\"d19b45e\" data-element_type=\"container\" data-settings=\"{&quot;animation&quot;:&quot;fadeInUp&quot;}\">\n\t\t\t\t<div class=\"elementor-element elementor-element-c941968 elementor-widget elementor-widget-image\" data-id=\"c941968\" data-element_type=\"widget\" data-widget_type=\"image.default\">\n\t\t\t\t<div class=\"elementor-widget-container\">\n\t\t\t\t\t\t\t\t\t\t\t\t\t<img decoding=\"async\" width=\"160\" height=\"160\" src=\"https:\/\/bosquepicua.pt\/wp-content\/uploads\/2024\/12\/Bosque_symbol.png\" class=\"attachment-medium size-medium wp-image-661\" alt=\"\" srcset=\"https:\/\/bosquepicua.pt\/wp-content\/uploads\/2024\/12\/Bosque_symbol.png 160w, https:\/\/bosquepicua.pt\/wp-content\/uploads\/2024\/12\/Bosque_symbol-150x150.png 150w\" sizes=\"(max-width: 160px) 100vw, 160px\" \/>\t\t\t\t\t\t\t\t\t\t\t\t\t<\/div>\n\t\t\t\t<\/div>\n\t\t\t\t<div class=\"elementor-element elementor-element-8ab3e3a elementor-widget__width-initial elementor-widget elementor-widget-heading\" data-id=\"8ab3e3a\" data-element_type=\"widget\" data-widget_type=\"heading.default\">\n\t\t\t\t<div class=\"elementor-widget-container\">\n\t\t\t<h2 class=\"elementor-heading-title elementor-size-default\">Os apartamentos do Bosque s\u00e3o concebidos para oferecer conforto, modernidade e bem-estar. Com tipologias de T0 a T4 e \u00e1reas amplas, destacam-se pelo design contempor\u00e2neo e pelos acabamentos de alta qualidade.<\/h2>\t\t<\/div>\n\t\t\t\t<\/div>\n\t\t\t\t<\/div>\n\t\t<div class=\"elementor-element elementor-element-6e99a88 e-con-full e-flex elementor-invisible e-con e-parent\" data-id=\"6e99a88\" data-element_type=\"container\" data-settings=\"{&quot;animation&quot;:&quot;fadeIn&quot;}\">\n\t\t\t\t<div class=\"elementor-element elementor-element-10fe71a elementor--h-position-center elementor--v-position-middle elementor-pagination-position-inside elementor-widget elementor-widget-slides\" data-id=\"10fe71a\" data-element_type=\"widget\" data-settings=\"{&quot;navigation&quot;:&quot;dots&quot;,&quot;autoplay&quot;:&quot;yes&quot;,&quot;pause_on_hover&quot;:&quot;yes&quot;,&quot;pause_on_interaction&quot;:&quot;yes&quot;,&quot;autoplay_speed&quot;:5000,&quot;infinite&quot;:&quot;yes&quot;,&quot;transition&quot;:&quot;slide&quot;,&quot;transition_speed&quot;:500}\" data-widget_type=\"slides.default\">\n\t\t\t\t<div class=\"elementor-widget-container\">\n\t\t\t\t\t<div class=\"elementor-swiper\">\n\t\t\t<div class=\"elementor-slides-wrapper elementor-main-swiper swiper\" dir=\"ltr\" data-animation=\"fadeInUp\">\n\t\t\t\t<div class=\"swiper-wrapper elementor-slides\">\n\t\t\t\t\t\t\t\t\t\t<div class=\"elementor-repeater-item-728a7d5 swiper-slide\"><div class=\"swiper-slide-bg\" role=\"img\"><\/div><div class=\"swiper-slide-inner\" ><div class=\"swiper-slide-contents\"><\/div><\/div><\/div><div class=\"elementor-repeater-item-6b58423 swiper-slide\"><div class=\"swiper-slide-bg\" role=\"img\"><\/div><div class=\"swiper-slide-inner\" ><div class=\"swiper-slide-contents\"><\/div><\/div><\/div>\t\t\t\t<\/div>\n\t\t\t\t\t\t\t\t\t\t\t\t\t\t\t<div class=\"swiper-pagination\"><\/div>\n\t\t\t\t\t\t\t\t\t\t\t\t\t\t\t\t\t<\/div>\n\t\t<\/div>\n\t\t\t\t<\/div>\n\t\t\t\t<\/div>\n\t\t\t\t<\/div>\n\t\t<div class=\"elementor-element elementor-element-245224c e-con-full e-flex e-con e-parent\" data-id=\"245224c\" data-element_type=\"container\">\n\t\t<div class=\"elementor-element elementor-element-bdc28e9 e-con-full e-flex elementor-invisible e-con e-child\" data-id=\"bdc28e9\" data-element_type=\"container\" data-settings=\"{&quot;animation&quot;:&quot;fadeIn&quot;}\">\n\t\t\t\t<div class=\"elementor-element elementor-element-1a55f15 elementor-widget elementor-widget-image\" data-id=\"1a55f15\" data-element_type=\"widget\" data-widget_type=\"image.default\">\n\t\t\t\t<div class=\"elementor-widget-container\">\n\t\t\t\t\t\t\t\t\t\t\t\t\t<img decoding=\"async\" width=\"800\" height=\"802\" src=\"https:\/\/bosquepicua.pt\/wp-content\/uploads\/2025\/03\/apartments_7-1022x1024.jpg\" class=\"attachment-large size-large wp-image-922\" alt=\"\" srcset=\"https:\/\/bosquepicua.pt\/wp-content\/uploads\/2025\/03\/apartments_7-1022x1024.jpg 1022w, https:\/\/bosquepicua.pt\/wp-content\/uploads\/2025\/03\/apartments_7-300x300.jpg 300w, https:\/\/bosquepicua.pt\/wp-content\/uploads\/2025\/03\/apartments_7-150x150.jpg 150w, https:\/\/bosquepicua.pt\/wp-content\/uploads\/2025\/03\/apartments_7-768x769.jpg 768w, https:\/\/bosquepicua.pt\/wp-content\/uploads\/2025\/03\/apartments_7.jpg 1168w\" sizes=\"(max-width: 800px) 100vw, 800px\" \/>\t\t\t\t\t\t\t\t\t\t\t\t\t<\/div>\n\t\t\t\t<\/div>\n\t\t\t\t<\/div>\n\t\t<div class=\"elementor-element elementor-element-01aa014 e-con-full e-flex elementor-invisible e-con e-child\" data-id=\"01aa014\" data-element_type=\"container\" data-settings=\"{&quot;animation&quot;:&quot;fadeInUp&quot;}\">\n\t\t\t\t<div class=\"elementor-element elementor-element-1e978e0 elementor-widget elementor-widget-text-editor\" data-id=\"1e978e0\" data-element_type=\"widget\" data-widget_type=\"text-editor.default\">\n\t\t\t\t<div class=\"elementor-widget-container\">\n\t\t\t\t\t\t\t<p>A abundante luz natural, as janelas amplas e as vistas desafogadas criam uma liga\u00e7\u00e3o harmoniosa entre o interior e a natureza envolvente.<\/p><p>Os generosos terra\u00e7os convidam a momentos de lazer ao ar livre, enquanto os espa\u00e7os comuns, como gin\u00e1sio, salas de lazer e coworking, elevam a experi\u00eancia de habitar.<\/p>\t\t\t\t\t\t<\/div>\n\t\t\t\t<\/div>\n\t\t\t\t<\/div>\n\t\t\t\t<\/div>\n\t\t<div class=\"elementor-element elementor-element-f4b9969 e-con-full e-flex elementor-invisible e-con e-parent\" data-id=\"f4b9969\" data-element_type=\"container\" data-settings=\"{&quot;animation&quot;:&quot;fadeInUp&quot;}\">\n\t\t\t\t<div class=\"elementor-element elementor-element-4291f06 elementor-widget__width-initial elementor-widget elementor-widget-heading\" data-id=\"4291f06\" data-element_type=\"widget\" data-widget_type=\"heading.default\">\n\t\t\t\t<div class=\"elementor-widget-container\">\n\t\t\t<h2 class=\"elementor-heading-title elementor-size-default\">AMBIENTES CUIDADOSAMENTE PENSADOS QUE COMBINAM CONFORTO E FUNCIONALIDADE.<\/h2>\t\t<\/div>\n\t\t\t\t<\/div>\n\t\t\t\t<\/div>\n\t\t<div class=\"elementor-element elementor-element-1e69cab e-con-full e-flex elementor-invisible e-con e-parent\" data-id=\"1e69cab\" data-element_type=\"container\" data-settings=\"{&quot;animation&quot;:&quot;fadeIn&quot;}\">\n\t\t\t\t<div class=\"elementor-element elementor-element-9c92f68 elementor--h-position-center elementor--v-position-middle elementor-pagination-position-inside elementor-widget elementor-widget-slides\" data-id=\"9c92f68\" data-element_type=\"widget\" data-settings=\"{&quot;navigation&quot;:&quot;dots&quot;,&quot;autoplay&quot;:&quot;yes&quot;,&quot;pause_on_hover&quot;:&quot;yes&quot;,&quot;pause_on_interaction&quot;:&quot;yes&quot;,&quot;autoplay_speed&quot;:5000,&quot;infinite&quot;:&quot;yes&quot;,&quot;transition&quot;:&quot;slide&quot;,&quot;transition_speed&quot;:500}\" data-widget_type=\"slides.default\">\n\t\t\t\t<div class=\"elementor-widget-container\">\n\t\t\t\t\t<div class=\"elementor-swiper\">\n\t\t\t<div class=\"elementor-slides-wrapper elementor-main-swiper swiper\" dir=\"ltr\" data-animation=\"fadeInUp\">\n\t\t\t\t<div class=\"swiper-wrapper elementor-slides\">\n\t\t\t\t\t\t\t\t\t\t<div class=\"elementor-repeater-item-728a7d5 swiper-slide\"><div class=\"swiper-slide-bg\" role=\"img\"><\/div><div class=\"swiper-slide-inner\" ><div class=\"swiper-slide-contents\"><\/div><\/div><\/div><div class=\"elementor-repeater-item-6b58423 swiper-slide\"><div class=\"swiper-slide-bg\" role=\"img\"><\/div><div class=\"swiper-slide-inner\" ><div class=\"swiper-slide-contents\"><\/div><\/div><\/div>\t\t\t\t<\/div>\n\t\t\t\t\t\t\t\t\t\t\t\t\t\t\t<div class=\"swiper-pagination\"><\/div>\n\t\t\t\t\t\t\t\t\t\t\t\t\t\t\t\t\t<\/div>\n\t\t<\/div>\n\t\t\t\t<\/div>\n\t\t\t\t<\/div>\n\t\t\t\t<\/div>\n\t\t<div class=\"elementor-element elementor-element-1ea2179 e-con-full e-flex e-con e-parent\" data-id=\"1ea2179\" data-element_type=\"container\">\n\t\t<div class=\"elementor-element elementor-element-e67a6d2 e-con-full e-flex elementor-invisible e-con e-child\" data-id=\"e67a6d2\" data-element_type=\"container\" data-settings=\"{&quot;animation&quot;:&quot;fadeInUp&quot;}\">\n\t\t\t\t<div class=\"elementor-element elementor-element-2253ed4 elementor-widget elementor-widget-text-editor\" data-id=\"2253ed4\" data-element_type=\"widget\" data-widget_type=\"text-editor.default\">\n\t\t\t\t<div class=\"elementor-widget-container\">\n\t\t\t\t\t\t\t<p>Cada detalhe reflete um compromisso com a qualidade e sofistica\u00e7\u00e3o. Os acabamentos interiores combinam eleg\u00e2ncia e funcionalidade, com pavimentos de alta durabilidade, cozinhas totalmente equipadas e materiais cuidadosamente selecionados.<\/p><p>Os espa\u00e7os s\u00e3o pensados para proporcionar conforto t\u00e9rmico e ac\u00fastico, garantindo uma viv\u00eancia harmoniosa em todas as divis\u00f5es.<\/p>\t\t\t\t\t\t<\/div>\n\t\t\t\t<\/div>\n\t\t\t\t<\/div>\n\t\t<div class=\"elementor-element elementor-element-14708fd e-con-full e-flex elementor-invisible e-con e-child\" data-id=\"14708fd\" data-element_type=\"container\" data-settings=\"{&quot;animation&quot;:&quot;fadeIn&quot;}\">\n\t\t\t\t<div class=\"elementor-element elementor-element-63555cd elementor-widget elementor-widget-image\" data-id=\"63555cd\" data-element_type=\"widget\" data-widget_type=\"image.default\">\n\t\t\t\t<div class=\"elementor-widget-container\">\n\t\t\t\t\t\t\t\t\t\t\t\t\t<img loading=\"lazy\" decoding=\"async\" width=\"800\" height=\"802\" src=\"https:\/\/bosquepicua.pt\/wp-content\/uploads\/2025\/03\/apartments_10-1022x1024.jpg\" class=\"attachment-large size-large wp-image-925\" alt=\"\" srcset=\"https:\/\/bosquepicua.pt\/wp-content\/uploads\/2025\/03\/apartments_10-1022x1024.jpg 1022w, https:\/\/bosquepicua.pt\/wp-content\/uploads\/2025\/03\/apartments_10-300x300.jpg 300w, https:\/\/bosquepicua.pt\/wp-content\/uploads\/2025\/03\/apartments_10-150x150.jpg 150w, https:\/\/bosquepicua.pt\/wp-content\/uploads\/2025\/03\/apartments_10-768x769.jpg 768w, https:\/\/bosquepicua.pt\/wp-content\/uploads\/2025\/03\/apartments_10.jpg 1168w\" sizes=\"(max-width: 800px) 100vw, 800px\" \/>\t\t\t\t\t\t\t\t\t\t\t\t\t<\/div>\n\t\t\t\t<\/div>\n\t\t\t\t<\/div>\n\t\t\t\t<\/div>\n\t\t<div class=\"elementor-element elementor-element-e5e40db e-con-full e-flex elementor-invisible e-con e-parent\" data-id=\"e5e40db\" data-element_type=\"container\" data-settings=\"{&quot;animation&quot;:&quot;fadeInUp&quot;}\">\n\t\t\t\t<div class=\"elementor-element elementor-element-b369d39 elementor-widget__width-initial elementor-widget elementor-widget-heading\" data-id=\"b369d39\" data-element_type=\"widget\" data-widget_type=\"heading.default\">\n\t\t\t\t<div class=\"elementor-widget-container\">\n\t\t\t<h2 class=\"elementor-heading-title elementor-size-default\">ESPA\u00c7O PARA SONHAR E CRESCER<\/h2>\t\t<\/div>\n\t\t\t\t<\/div>\n\t\t\t\t<\/div>\n\t\t<div class=\"elementor-element elementor-element-bf45333 e-con-full e-flex elementor-invisible e-con e-parent\" data-id=\"bf45333\" data-element_type=\"container\" data-settings=\"{&quot;animation&quot;:&quot;fadeIn&quot;}\">\n\t\t\t\t<div class=\"elementor-element elementor-element-d3961df elementor--h-position-center elementor--v-position-middle elementor-pagination-position-inside elementor-widget elementor-widget-slides\" data-id=\"d3961df\" data-element_type=\"widget\" data-settings=\"{&quot;navigation&quot;:&quot;dots&quot;,&quot;autoplay&quot;:&quot;yes&quot;,&quot;pause_on_hover&quot;:&quot;yes&quot;,&quot;pause_on_interaction&quot;:&quot;yes&quot;,&quot;autoplay_speed&quot;:5000,&quot;infinite&quot;:&quot;yes&quot;,&quot;transition&quot;:&quot;slide&quot;,&quot;transition_speed&quot;:500}\" data-widget_type=\"slides.default\">\n\t\t\t\t<div class=\"elementor-widget-container\">\n\t\t\t\t\t<div class=\"elementor-swiper\">\n\t\t\t<div class=\"elementor-slides-wrapper elementor-main-swiper swiper\" dir=\"ltr\" data-animation=\"fadeInUp\">\n\t\t\t\t<div class=\"swiper-wrapper elementor-slides\">\n\t\t\t\t\t\t\t\t\t\t<div class=\"elementor-repeater-item-728a7d5 swiper-slide\"><div class=\"swiper-slide-bg\" role=\"img\"><\/div><div class=\"swiper-slide-inner\" ><div class=\"swiper-slide-contents\"><\/div><\/div><\/div>\t\t\t\t<\/div>\n\t\t\t\t\t\t\t<\/div>\n\t\t<\/div>\n\t\t\t\t<\/div>\n\t\t\t\t<\/div>\n\t\t\t\t<\/div>\n\t\t<div class=\"elementor-element elementor-element-d6c9683 e-con-full e-flex elementor-invisible e-con e-parent\" data-id=\"d6c9683\" data-element_type=\"container\" data-settings=\"{&quot;animation&quot;:&quot;fadeInUp&quot;}\">\n\t\t\t\t<div class=\"elementor-element elementor-element-56cc52d elementor-widget__width-initial elementor-widget elementor-widget-heading\" data-id=\"56cc52d\" data-element_type=\"widget\" data-widget_type=\"heading.default\">\n\t\t\t\t<div class=\"elementor-widget-container\">\n\t\t\t<h2 class=\"elementor-heading-title elementor-size-default\">No Bosque, os quartos s\u00e3o projetados para acompanhar cada fase do crescimento, criando um ambiente acolhedor e inspirador. A luz natural e os espa\u00e7os amplos proporcionam um ref\u00fagio onde brincar, aprender e imaginar fazem parte do dia a dia.<\/h2>\t\t<\/div>\n\t\t\t\t<\/div>\n\t\t\t\t<div class=\"elementor-element elementor-element-e2fae4b elementor-icon-list--layout-traditional elementor-list-item-link-full_width elementor-widget elementor-widget-icon-list\" data-id=\"e2fae4b\" data-element_type=\"widget\" data-widget_type=\"icon-list.default\">\n\t\t\t\t<div class=\"elementor-widget-container\">\n\t\t\t\t\t<ul class=\"elementor-icon-list-items\">\n\t\t\t\t\t\t\t<li class=\"elementor-icon-list-item\">\n\t\t\t\t\t\t\t\t\t\t\t<a href=\"https:\/\/bosquepicua.pt\/index.php\/disponibilidades\/\">\n\n\t\t\t\t\t\t\t\t\t\t\t\t<span class=\"elementor-icon-list-icon\">\n\t\t\t\t\t\t\t<svg xmlns=\"http:\/\/www.w3.org\/2000\/svg\" id=\"b\" width=\"17.99mm\" height=\"17.99mm\" viewBox=\"0 0 51 51\"><circle cx=\"25.5\" cy=\"25.5\" r=\"25\" fill=\"#b6d1b8\"><\/circle><path d=\"M34.47,25.23s0,0,0-.01c-.04-.09-.09-.18-.16-.25l-7.8-7.8c-.29-.29-.77-.29-1.06,0-.29.29-.29.77,0,1.06l6.52,6.52h-14.73c-.41,0-.75.34-.75.75s.34.75.75.75h14.73l-6.52,6.52c-.29.29-.29.77,0,1.06.15.15.34.22.53.22s.38-.07.53-.22l7.8-7.8c.07-.07.13-.15.16-.25,0,0,0,0,0-.01.03-.08.05-.18.05-.27h0c0-.1-.02-.19-.05-.27Z\" fill=\"#fff\"><\/path><\/svg>\t\t\t\t\t\t<\/span>\n\t\t\t\t\t\t\t\t\t\t<span class=\"elementor-icon-list-text\">Disponibilidades<\/span>\n\t\t\t\t\t\t\t\t\t\t\t<\/a>\n\t\t\t\t\t\t\t\t\t<\/li>\n\t\t\t\t\t\t<\/ul>\n\t\t\t\t<\/div>\n\t\t\t\t<\/div>\n\t\t\t\t<\/div>\n\t\t\t\t<\/div>\n\t\t","protected":false},"excerpt":{"rendered":"<p>Apartamentos \u201cO Bosque \u00e9 mais do que um projeto habitacional: \u00e9 uma vis\u00e3o arquitet\u00f3nica que harmoniza o ambiente constru\u00eddo em sintonia com a natureza. Com 1,5 hectares dedicados a espa\u00e7os verdes, o empreendimento privilegia a integra\u00e7\u00e3o paisag\u00edstica e a sustentabilidade. As habita\u00e7\u00f5es foram desenhadas para maximizar a rela\u00e7\u00e3o com o exterior, com amplos terra\u00e7os e [&hellip;]<\/p>\n","protected":false},"author":1,"featured_media":0,"parent":0,"menu_order":0,"comment_status":"closed","ping_status":"closed","template":"","meta":{"inline_featured_image":false,"footnotes":""},"class_list":["post-913","page","type-page","status-publish","hentry"],"_links":{"self":[{"href":"https:\/\/bosquepicua.pt\/index.php\/wp-json\/wp\/v2\/pages\/913","targetHints":{"allow":["GET"]}}],"collection":[{"href":"https:\/\/bosquepicua.pt\/index.php\/wp-json\/wp\/v2\/pages"}],"about":[{"href":"https:\/\/bosquepicua.pt\/index.php\/wp-json\/wp\/v2\/types\/page"}],"author":[{"embeddable":true,"href":"https:\/\/bosquepicua.pt\/index.php\/wp-json\/wp\/v2\/users\/1"}],"replies":[{"embeddable":true,"href":"https:\/\/bosquepicua.pt\/index.php\/wp-json\/wp\/v2\/comments?post=913"}],"version-history":[{"count":40,"href":"https:\/\/bosquepicua.pt\/index.php\/wp-json\/wp\/v2\/pages\/913\/revisions"}],"predecessor-version":[{"id":1999,"href":"https:\/\/bosquepicua.pt\/index.php\/wp-json\/wp\/v2\/pages\/913\/revisions\/1999"}],"wp:attachment":[{"href":"https:\/\/bosquepicua.pt\/index.php\/wp-json\/wp\/v2\/media?parent=913"}],"curies":[{"name":"wp","href":"https:\/\/api.w.org\/{rel}","templated":true}]}}